{"id":777,"date":"2025-06-16T16:43:01","date_gmt":"2025-06-16T16:43:01","guid":{"rendered":"https:\/\/www.zaragoza.unam.mx\/dvi\/?page_id=777"},"modified":"2025-06-20T21:44:25","modified_gmt":"2025-06-20T21:44:25","slug":"patentes-ingresadas-impi","status":"publish","type":"page","link":"https:\/\/www.zaragoza.unam.mx\/dvi\/patentes-ingresadas-impi\/","title":{"rendered":"Solicitudes de Patentes Ingresadas en el IMPI para Evaluaci\u00f3n"},"content":{"rendered":"\t\t<div data-elementor-type=\"wp-page\" data-elementor-id=\"777\" class=\"elementor elementor-777\">\n\t\t\t\t<div class=\"elementor-element elementor-element-944a391 e-flex e-con-boxed e-con e-parent\" data-id=\"944a391\" data-element_type=\"container\">\n\t\t\t\t\t<div class=\"e-con-inner\">\n\t\t<div class=\"elementor-element elementor-element-9271519 e-con-full e-flex e-con e-child\" data-id=\"9271519\" data-element_type=\"container\">\n\t\t\t\t<div class=\"elementor-element elementor-element-64e31ff elementor-widget elementor-widget-n-accordion\" data-id=\"64e31ff\" data-element_type=\"widget\" data-settings=\"{&quot;default_state&quot;:&quot;all_collapsed&quot;,&quot;n_accordion_animation_duration&quot;:{&quot;unit&quot;:&quot;ms&quot;,&quot;size&quot;:200,&quot;sizes&quot;:[]},&quot;max_items_expended&quot;:&quot;one&quot;}\" data-widget_type=\"nested-accordion.default\">\n\t\t\t\t<div class=\"elementor-widget-container\">\n\t\t\t\t\t\t\t<div class=\"e-n-accordion\" aria-label=\"Accordion. Open links with Enter or Space, close with Escape, and navigate with Arrow Keys\">\n\t\t\t\t\t\t<details id=\"e-n-accordion-item-1050\" class=\"e-n-accordion-item\" >\n\t\t\t\t<summary class=\"e-n-accordion-item-title\" data-accordion-index=\"1\" tabindex=\"0\" aria-expanded=\"false\" aria-controls=\"e-n-accordion-item-1050\" >\n\t\t\t\t\t<span class='e-n-accordion-item-title-header'><div class=\"e-n-accordion-item-title-text\"> BACTERIAS DE ACIDITHIOBACILLUS THIOOXIDANS MICROENCAPSULADAS MEDIANTE UN PROCESO DE SECADO POR ASPERSION EN BIOPOLIMEROS PARA SU EMPLEO EN ACTIVIDADES BIOMETALURGICAS <\/div><\/span>\n\t\t\t\t\t\t\t<span class='e-n-accordion-item-title-icon'>\n\t\t\t<span class='e-opened' ><svg aria-hidden=\"true\" class=\"e-font-icon-svg e-fas-minus\" viewBox=\"0 0 448 512\" xmlns=\"http:\/\/www.w3.org\/2000\/svg\"><path d=\"M416 208H32c-17.67 0-32 14.33-32 32v32c0 17.67 14.33 32 32 32h384c17.67 0 32-14.33 32-32v-32c0-17.67-14.33-32-32-32z\"><\/path><\/svg><\/span>\n\t\t\t<span class='e-closed'><svg aria-hidden=\"true\" class=\"e-font-icon-svg e-fas-plus\" viewBox=\"0 0 448 512\" xmlns=\"http:\/\/www.w3.org\/2000\/svg\"><path d=\"M416 208H272V64c0-17.67-14.33-32-32-32h-32c-17.67 0-32 14.33-32 32v144H32c-17.67 0-32 14.33-32 32v32c0 17.67 14.33 32 32 32h144v144c0 17.67 14.33 32 32 32h32c17.67 0 32-14.33 32-32V304h144c17.67 0 32-14.33 32-32v-32c0-17.67-14.33-32-32-32z\"><\/path><\/svg><\/span>\n\t\t<\/span>\n\n\t\t\t\t\t\t<\/summary>\n\t\t\t\t<div role=\"region\" aria-labelledby=\"e-n-accordion-item-1050\" class=\"elementor-element elementor-element-1e263cb e-con-full e-flex e-con e-child\" data-id=\"1e263cb\" data-element_type=\"container\">\n\t\t\t\t<div class=\"elementor-element elementor-element-7f889e3 elementor-widget elementor-widget-text-editor\" data-id=\"7f889e3\" data-element_type=\"widget\" data-widget_type=\"text-editor.default\">\n\t\t\t\t<div class=\"elementor-widget-container\">\n\t\t\t\t\t\t\t\t\t<p>Esta invenci\u00f3n desarrolla una tecnolog\u00eda innovadora para microencapsular bacterias Acidithiobacillus thiooxidans mediante secado por aspersi\u00f3n, utilizando goma ar\u00e1biga como material de pared protector. El proceso genera microc\u00e1psulas en polvo que preservan la viabilidad bacteriana con una tasa de supervivencia del 90% (1.4\u00d710\u2079 c\u00e9lulas\/mL) y eficiencia de encapsulaci\u00f3n superior al 80%. Las microc\u00e1psulas obtenidas presentan propiedades fisicoqu\u00edmicas \u00f3ptimas: actividad del agua menor a 0.55, humedad inferior al 10%, distribuci\u00f3n de tama\u00f1o modal y estabilidad t\u00e9rmica comprobada. La tecnolog\u00eda protege efectivamente la integridad celular, actividades metab\u00f3licas y estabilidad gen\u00e9tica de las bacterias, manteniendo su funcionalidad para aplicaciones industriales. Los an\u00e1lisis por microscop\u00eda SEM y TEM confirman la morfolog\u00eda definida y la presencia de bacterias dentro de las microc\u00e1psulas. Estudios de infrarrojo evidencian la preservaci\u00f3n de grupos funcionales del biopol\u00edmero y la exitosa encapsulaci\u00f3n microbiana. Esta innovaci\u00f3n representa una soluci\u00f3n prometedora para la industria minera y tecnolog\u00edas limpias, ofreciendo una alternativa eficiente para la manipulaci\u00f3n, conservaci\u00f3n y aplicaci\u00f3n de microorganismos en procesos biotecnol\u00f3gicos, superando las limitaciones tradicionales de manejo microbiano y abriendo nuevas oportunidades comerciales en el sector minero.<\/p>\t\t\t\t\t\t\t\t<\/div>\n\t\t\t\t<\/div>\n\t\t\t\t<div class=\"elementor-element elementor-element-048d3f1 elementor-widget elementor-widget-text-editor\" data-id=\"048d3f1\" data-element_type=\"widget\" data-widget_type=\"text-editor.default\">\n\t\t\t\t<div class=\"elementor-widget-container\">\n\t\t\t\t\t\t\t\t\t<p><strong>INVENTORES<\/strong><br \/>Fausto Calderas Garc\u00eda, Luis Medina Torres, Octavio Manero Brito.<\/p><p><strong>Registro n\u00famero:<\/strong> MX\/a\/2021\/013245<br \/><strong>Solicitudes normales:<\/strong> 10\/28\/2021<\/p>\t\t\t\t\t\t\t\t<\/div>\n\t\t\t\t<\/div>\n\t\t\t\t<\/div>\n\t\t\t\t\t<\/details>\n\t\t\t\t\t\t<details id=\"e-n-accordion-item-1051\" class=\"e-n-accordion-item\" >\n\t\t\t\t<summary class=\"e-n-accordion-item-title\" data-accordion-index=\"2\" tabindex=\"-1\" aria-expanded=\"false\" aria-controls=\"e-n-accordion-item-1051\" >\n\t\t\t\t\t<span class='e-n-accordion-item-title-header'><div class=\"e-n-accordion-item-title-text\"> FORMULACION EN GEL PARA EL TRATAMIENTO DE ARTRITIS REUMATOIDE <\/div><\/span>\n\t\t\t\t\t\t\t<span class='e-n-accordion-item-title-icon'>\n\t\t\t<span class='e-opened' ><svg aria-hidden=\"true\" class=\"e-font-icon-svg e-fas-minus\" viewBox=\"0 0 448 512\" xmlns=\"http:\/\/www.w3.org\/2000\/svg\"><path d=\"M416 208H32c-17.67 0-32 14.33-32 32v32c0 17.67 14.33 32 32 32h384c17.67 0 32-14.33 32-32v-32c0-17.67-14.33-32-32-32z\"><\/path><\/svg><\/span>\n\t\t\t<span class='e-closed'><svg aria-hidden=\"true\" class=\"e-font-icon-svg e-fas-plus\" viewBox=\"0 0 448 512\" xmlns=\"http:\/\/www.w3.org\/2000\/svg\"><path d=\"M416 208H272V64c0-17.67-14.33-32-32-32h-32c-17.67 0-32 14.33-32 32v144H32c-17.67 0-32 14.33-32 32v32c0 17.67 14.33 32 32 32h144v144c0 17.67 14.33 32 32 32h32c17.67 0 32-14.33 32-32V304h144c17.67 0 32-14.33 32-32v-32c0-17.67-14.33-32-32-32z\"><\/path><\/svg><\/span>\n\t\t<\/span>\n\n\t\t\t\t\t\t<\/summary>\n\t\t\t\t<div role=\"region\" aria-labelledby=\"e-n-accordion-item-1051\" class=\"elementor-element elementor-element-9e9fa47 e-con-full e-flex e-con e-child\" data-id=\"9e9fa47\" data-element_type=\"container\">\n\t\t\t\t<div class=\"elementor-element elementor-element-0eda3cc elementor-widget elementor-widget-text-editor\" data-id=\"0eda3cc\" data-element_type=\"widget\" data-widget_type=\"text-editor.default\">\n\t\t\t\t<div class=\"elementor-widget-container\">\n\t\t\t\t\t\t\t\t\t<p>Existen informes que indican que la D-penicilamina posee propiedades inmunomoduladoras que permiten disminuir considerablemente factores asociados a la enfermedad y que disminuye los niveles del Factor Reumatoide (FR). La presente invenci\u00f3n propone la utilizaci\u00f3n de un sistema de liposomas cati\u00f3nicos de dimensiones manom\u00e9tricas como veh\u00edculo para trasportar D-penicilamina, que es usada para el tratamiento de artritis reumatoide, debido a su baja permeabilidad intestinal y efectos adversos. En una modalidad preferida de la invenci\u00f3n, dichos liposomas son formulados en un gel mucoadhesivo.<\/p>\t\t\t\t\t\t\t\t<\/div>\n\t\t\t\t<\/div>\n\t\t\t\t<div class=\"elementor-element elementor-element-15b87d5 elementor-widget elementor-widget-text-editor\" data-id=\"15b87d5\" data-element_type=\"widget\" data-widget_type=\"text-editor.default\">\n\t\t\t\t<div class=\"elementor-widget-container\">\n\t\t\t\t\t\t\t\t\t<p><strong>INVENTORES<\/strong><br \/>Araceli Garc\u00eda Del Valle, Benny Weiss Steider, Mar\u00eda Teresa Corona Ortega, Ram\u00f3n Soto V\u00e1zquez, Rosalva Rangel Corona.<\/p><p><strong>Registro n\u00famero:<\/strong> MX\/a\/2021\/014147<br \/><strong>Solicitudes normales:<\/strong> 11\/18\/2021<\/p>\t\t\t\t\t\t\t\t<\/div>\n\t\t\t\t<\/div>\n\t\t\t\t<\/div>\n\t\t\t\t\t<\/details>\n\t\t\t\t\t\t<details id=\"e-n-accordion-item-1052\" class=\"e-n-accordion-item\" >\n\t\t\t\t<summary class=\"e-n-accordion-item-title\" data-accordion-index=\"3\" tabindex=\"-1\" aria-expanded=\"false\" aria-controls=\"e-n-accordion-item-1052\" >\n\t\t\t\t\t<span class='e-n-accordion-item-title-header'><div class=\"e-n-accordion-item-title-text\"> INDUCCION, LIBERACION Y OBTENCION DE MICROVESICULAS ENRIQUECIDAS EN ICAM-1, PRODUCIDAS POR CELULAS TRONCALES\/ESTROMALES MESENQUIMALES ACTIVADAS <\/div><\/span>\n\t\t\t\t\t\t\t<span class='e-n-accordion-item-title-icon'>\n\t\t\t<span class='e-opened' ><svg aria-hidden=\"true\" class=\"e-font-icon-svg e-fas-minus\" viewBox=\"0 0 448 512\" xmlns=\"http:\/\/www.w3.org\/2000\/svg\"><path d=\"M416 208H32c-17.67 0-32 14.33-32 32v32c0 17.67 14.33 32 32 32h384c17.67 0 32-14.33 32-32v-32c0-17.67-14.33-32-32-32z\"><\/path><\/svg><\/span>\n\t\t\t<span class='e-closed'><svg aria-hidden=\"true\" class=\"e-font-icon-svg e-fas-plus\" viewBox=\"0 0 448 512\" xmlns=\"http:\/\/www.w3.org\/2000\/svg\"><path d=\"M416 208H272V64c0-17.67-14.33-32-32-32h-32c-17.67 0-32 14.33-32 32v144H32c-17.67 0-32 14.33-32 32v32c0 17.67 14.33 32 32 32h144v144c0 17.67 14.33 32 32 32h32c17.67 0 32-14.33 32-32V304h144c17.67 0 32-14.33 32-32v-32c0-17.67-14.33-32-32-32z\"><\/path><\/svg><\/span>\n\t\t<\/span>\n\n\t\t\t\t\t\t<\/summary>\n\t\t\t\t<div role=\"region\" aria-labelledby=\"e-n-accordion-item-1052\" class=\"elementor-element elementor-element-6ef7d97 e-con-full e-flex e-con e-child\" data-id=\"6ef7d97\" data-element_type=\"container\">\n\t\t\t\t<div class=\"elementor-element elementor-element-cb0c706 elementor-widget elementor-widget-text-editor\" data-id=\"cb0c706\" data-element_type=\"widget\" data-widget_type=\"text-editor.default\">\n\t\t\t\t<div class=\"elementor-widget-container\">\n\t\t\t\t\t\t\t\t\t<p>Las c\u00e9lulas troncales\/estromales mesenquimales tienen capacidad inmunorreguladora, por ello se han empleado en diferentes protocolos cl\u00ednicos en los que es necesario disminuir la respuesta inmune. Dicha capacidad es regulada principalmente por TNF-a e IFN-? teniendo un efecto sin\u00e9rgico en el incremento en la expresi\u00f3n de mol\u00e9culas inmunorreguladoras. Adem\u00e1s, el tratamiento de las c\u00e9lulas troncales\/estromales mesenquimales con citocinas proinflamatorias favorece la liberaci\u00f3n de microves\u00edculas enriquecidas en ICAM-1. Todo lo anterior contribuye al mejoramiento de los protocolos de condicionamiento in vitro, para favorecer el efecto terap\u00e9utico de estas c\u00e9lulas o sus productos.<\/p>\t\t\t\t\t\t\t\t<\/div>\n\t\t\t\t<\/div>\n\t\t\t\t<div class=\"elementor-element elementor-element-11ac588 elementor-widget elementor-widget-text-editor\" data-id=\"11ac588\" data-element_type=\"widget\" data-widget_type=\"text-editor.default\">\n\t\t\t\t<div class=\"elementor-widget-container\">\n\t\t\t\t\t\t\t\t\t<p><strong>INVENTORES<\/strong><br \/>Marta Elena Castro Manrreza.<\/p><p><strong>Registro n\u00famero:<\/strong> MX\/a\/2021\/014479<br \/><strong>Solicitudes normales:<\/strong> 11\/25\/2021<\/p>\t\t\t\t\t\t\t\t<\/div>\n\t\t\t\t<\/div>\n\t\t\t\t<\/div>\n\t\t\t\t\t<\/details>\n\t\t\t\t\t\t<details id=\"e-n-accordion-item-1053\" class=\"e-n-accordion-item\" >\n\t\t\t\t<summary class=\"e-n-accordion-item-title\" data-accordion-index=\"4\" tabindex=\"-1\" aria-expanded=\"false\" aria-controls=\"e-n-accordion-item-1053\" >\n\t\t\t\t\t<span class='e-n-accordion-item-title-header'><div class=\"e-n-accordion-item-title-text\"> METODO ZARAGOZA DE CONSERVACION DE MICROORGANISMOS <\/div><\/span>\n\t\t\t\t\t\t\t<span class='e-n-accordion-item-title-icon'>\n\t\t\t<span class='e-opened' ><svg aria-hidden=\"true\" class=\"e-font-icon-svg e-fas-minus\" viewBox=\"0 0 448 512\" xmlns=\"http:\/\/www.w3.org\/2000\/svg\"><path d=\"M416 208H32c-17.67 0-32 14.33-32 32v32c0 17.67 14.33 32 32 32h384c17.67 0 32-14.33 32-32v-32c0-17.67-14.33-32-32-32z\"><\/path><\/svg><\/span>\n\t\t\t<span class='e-closed'><svg aria-hidden=\"true\" class=\"e-font-icon-svg e-fas-plus\" viewBox=\"0 0 448 512\" xmlns=\"http:\/\/www.w3.org\/2000\/svg\"><path d=\"M416 208H272V64c0-17.67-14.33-32-32-32h-32c-17.67 0-32 14.33-32 32v144H32c-17.67 0-32 14.33-32 32v32c0 17.67 14.33 32 32 32h144v144c0 17.67 14.33 32 32 32h32c17.67 0 32-14.33 32-32V304h144c17.67 0 32-14.33 32-32v-32c0-17.67-14.33-32-32-32z\"><\/path><\/svg><\/span>\n\t\t<\/span>\n\n\t\t\t\t\t\t<\/summary>\n\t\t\t\t<div role=\"region\" aria-labelledby=\"e-n-accordion-item-1053\" class=\"elementor-element elementor-element-f97d8cb e-con-full e-flex e-con e-child\" data-id=\"f97d8cb\" data-element_type=\"container\">\n\t\t\t\t<div class=\"elementor-element elementor-element-b58b8f0 elementor-widget elementor-widget-text-editor\" data-id=\"b58b8f0\" data-element_type=\"widget\" data-widget_type=\"text-editor.default\">\n\t\t\t\t<div class=\"elementor-widget-container\">\n\t\t\t\t\t\t\t\t\t<p>La presente invenci\u00f3n comprende una novedosa metodolog\u00eda de criopreservaci\u00f3n de microorganismos que comprende el almacenaje de bacterias en contacto con un agente de criopreservaci\u00f3n. Se evalu\u00f3 la estabilidad de una cepa bacteriana transformada durante un periodo prolongado. Las bacterias se cultivaron y ajustaron, posteriormente, se criopreservaron y almacenaron a diferentes temperaturas. Se analiz\u00f3 la estabilidad de la identidad bioqu\u00edmica de la cepa bacteriana transformada, se realizaron las pruebas bioqu\u00edmicas: Tinci\u00f3n Gram, SIM Medio, MV-RP, Citrato de Simmons, Kligler Hierro Agar, Agar EMB, TSI Agar y Fermentaci\u00f3n de az\u00facares. Adem\u00e1s, para determinar la estabilidad del pl\u00e1smido que se encuentra insertado en esta cepa bacteriana, se realizaron ensayos de PCR. De manera inesperada, los resultados demuestran que las bacterias criopreservadas mantienen su estructura bioqu\u00edmica despu\u00e9s de un tiempo prolongado de almacenaje.<\/p>\t\t\t\t\t\t\t\t<\/div>\n\t\t\t\t<\/div>\n\t\t\t\t<div class=\"elementor-element elementor-element-5a79cb3 elementor-widget elementor-widget-text-editor\" data-id=\"5a79cb3\" data-element_type=\"widget\" data-widget_type=\"text-editor.default\">\n\t\t\t\t<div class=\"elementor-widget-container\">\n\t\t\t\t\t\t\t\t\t<p><strong>INVENTORES<\/strong><br \/>Benny Weiss Steider, Jos\u00e9 Luis Alfredo Mora Guevara, Rosalva Rangel Corona, Vicente Jes\u00fas Hern\u00e1ndez Abad, Yolanda Flores Cabrera.<\/p><p><strong>Registro n\u00famero:<\/strong> MX\/a\/2022\/003248<br \/><strong>Solicitudes normales:<\/strong> 3\/16\/2022<\/p>\t\t\t\t\t\t\t\t<\/div>\n\t\t\t\t<\/div>\n\t\t\t\t<\/div>\n\t\t\t\t\t<\/details>\n\t\t\t\t\t\t<details id=\"e-n-accordion-item-1054\" class=\"e-n-accordion-item\" >\n\t\t\t\t<summary class=\"e-n-accordion-item-title\" data-accordion-index=\"5\" tabindex=\"-1\" aria-expanded=\"false\" aria-controls=\"e-n-accordion-item-1054\" >\n\t\t\t\t\t<span class='e-n-accordion-item-title-header'><div class=\"e-n-accordion-item-title-text\"> FORMULACION DE SARGASSUM BUXIFOLIUM EN VESICULAS LIPOSOMALES PARA EL TRATAMIENTO DE CARCINOMA DE CERVIX <\/div><\/span>\n\t\t\t\t\t\t\t<span class='e-n-accordion-item-title-icon'>\n\t\t\t<span class='e-opened' ><svg aria-hidden=\"true\" class=\"e-font-icon-svg e-fas-minus\" viewBox=\"0 0 448 512\" xmlns=\"http:\/\/www.w3.org\/2000\/svg\"><path d=\"M416 208H32c-17.67 0-32 14.33-32 32v32c0 17.67 14.33 32 32 32h384c17.67 0 32-14.33 32-32v-32c0-17.67-14.33-32-32-32z\"><\/path><\/svg><\/span>\n\t\t\t<span class='e-closed'><svg aria-hidden=\"true\" class=\"e-font-icon-svg e-fas-plus\" viewBox=\"0 0 448 512\" xmlns=\"http:\/\/www.w3.org\/2000\/svg\"><path d=\"M416 208H272V64c0-17.67-14.33-32-32-32h-32c-17.67 0-32 14.33-32 32v144H32c-17.67 0-32 14.33-32 32v32c0 17.67 14.33 32 32 32h144v144c0 17.67 14.33 32 32 32h32c17.67 0 32-14.33 32-32V304h144c17.67 0 32-14.33 32-32v-32c0-17.67-14.33-32-32-32z\"><\/path><\/svg><\/span>\n\t\t<\/span>\n\n\t\t\t\t\t\t<\/summary>\n\t\t\t\t<div role=\"region\" aria-labelledby=\"e-n-accordion-item-1054\" class=\"elementor-element elementor-element-2d696f6 e-con-full e-flex e-con e-child\" data-id=\"2d696f6\" data-element_type=\"container\">\n\t\t\t\t<div class=\"elementor-element elementor-element-b7682c7 elementor-widget elementor-widget-text-editor\" data-id=\"b7682c7\" data-element_type=\"widget\" data-widget_type=\"text-editor.default\">\n\t\t\t\t<div class=\"elementor-widget-container\">\n\t\t\t\t\t\t\t\t\t<p>La presente invenci\u00f3n se refiere a el uso de una composici\u00f3n tal como una formulaci\u00f3n de liposomas para generar actividad citost\u00e1tica sobre c\u00e9lulas tumorales y activar el sistema inmunol\u00f3gico, para el tratamiento de c\u00e9lulas de c\u00e1ncer c\u00e9rvico uterino en administraci\u00f3n una o m\u00e1s dosis de Sargassum Buxifolium, dicha composici\u00f3n permite el aprovechamiento del extracto en un sistema acarreador lip\u00eddico.<\/p>\t\t\t\t\t\t\t\t<\/div>\n\t\t\t\t<\/div>\n\t\t\t\t<div class=\"elementor-element elementor-element-5eb8e5b elementor-widget elementor-widget-text-editor\" data-id=\"5eb8e5b\" data-element_type=\"widget\" data-widget_type=\"text-editor.default\">\n\t\t\t\t<div class=\"elementor-widget-container\">\n\t\t\t\t\t\t\t\t\t<p><strong>INVENTORES<\/strong><br \/>Rosalva Rangel Corona, Mar\u00eda Teresa Corona Ortega, Benny Weiss Steider, Alejandrina Graciela Avila Ortiz, Leonardo Trujillo Cirilo.<\/p><p><strong>Registro n\u00famero:<\/strong> MX\/a\/2022\/009667<br \/><strong>Solicitudes normales:<\/strong> 8\/5\/2022<\/p>\t\t\t\t\t\t\t\t<\/div>\n\t\t\t\t<\/div>\n\t\t\t\t<\/div>\n\t\t\t\t\t<\/details>\n\t\t\t\t\t<\/div>\n\t\t\t\t\t\t<\/div>\n\t\t\t\t<\/div>\n\t\t\t\t<\/div>\n\t\t\t\t\t<\/div>\n\t\t\t\t<\/div>\n\t\t<div class=\"elementor-element elementor-element-76b876a e-flex e-con-boxed e-con e-parent\" data-id=\"76b876a\" data-element_type=\"container\">\n\t\t\t\t\t<div class=\"e-con-inner\">\n\t\t\t\t<div class=\"elementor-element elementor-element-e0a4644 elementor-widget-divider--view-line elementor-widget elementor-widget-divider\" data-id=\"e0a4644\" data-element_type=\"widget\" data-widget_type=\"divider.default\">\n\t\t\t\t<div class=\"elementor-widget-container\">\n\t\t\t\t\t\t\t<div class=\"elementor-divider\">\n\t\t\t<span class=\"elementor-divider-separator\">\n\t\t\t\t\t\t<\/span>\n\t\t<\/div>\n\t\t\t\t\t\t<\/div>\n\t\t\t\t<\/div>\n\t\t\t\t\t<\/div>\n\t\t\t\t<\/div>\n\t\t<div class=\"elementor-element elementor-element-a46cff2 e-flex e-con-boxed e-con e-parent\" data-id=\"a46cff2\" data-element_type=\"container\">\n\t\t\t\t\t<div class=\"e-con-inner\">\n\t\t\t\t<div class=\"elementor-element elementor-element-84b992f elementor-widget elementor-widget-heading\" data-id=\"84b992f\" data-element_type=\"widget\" data-widget_type=\"heading.default\">\n\t\t\t\t<div class=\"elementor-widget-container\">\n\t\t\t\t\t<h4 class=\"elementor-heading-title elementor-size-default\">MAYOR INFORMACI\u00d3N<\/h4>\t\t\t\t<\/div>\n\t\t\t\t<\/div>\n\t\t\t\t\t<\/div>\n\t\t\t\t<\/div>\n\t\t<div class=\"elementor-element elementor-element-bc1cf50 e-flex e-con-boxed e-con e-parent\" data-id=\"bc1cf50\" data-element_type=\"container\">\n\t\t\t\t\t<div class=\"e-con-inner\">\n\t\t<div class=\"elementor-element elementor-element-c118638 e-con-full e-flex e-con e-child\" data-id=\"c118638\" data-element_type=\"container\">\n\t\t\t\t<div class=\"elementor-element elementor-element-77b055c elementor-widget elementor-widget-text-editor\" data-id=\"77b055c\" data-element_type=\"widget\" data-widget_type=\"text-editor.default\">\n\t\t\t\t<div class=\"elementor-widget-container\">\n\t\t\t\t\t\t\t\t\t<p><strong><span style=\"color: #003366;\">Correo electr\u00f3nico:<\/span>\u00a0<\/strong>vinculacion.unipevz@zaragoza.unam.mx<\/p>\t\t\t\t\t\t\t\t<\/div>\n\t\t\t\t<\/div>\n\t\t\t\t<\/div>\n\t\t\t\t\t<\/div>\n\t\t\t\t<\/div>\n\t\t\t\t<\/div>\n\t\t","protected":false},"excerpt":{"rendered":"<p>BACTERIAS DE ACIDITHIOBACILLUS THIOOXIDANS MICROENCAPSULADAS MEDIANTE UN PROCESO DE SECADO POR ASPERSION EN BIOPOLIMEROS PARA SU EMPLEO EN ACTIVIDADES BIOMETALURGICAS Esta invenci\u00f3n desarrolla una tecnolog\u00eda innovadora para microencapsular bacterias Acidithiobacillus thiooxidans mediante secado por aspersi\u00f3n, utilizando goma ar\u00e1biga como material de pared protector. El proceso genera microc\u00e1psulas en polvo que preservan la viabilidad bacteriana con una tasa de supervivencia del 90% (1.4\u00d710\u2079 c\u00e9lulas\/mL) y eficiencia de encapsulaci\u00f3n superior al 80%. Las microc\u00e1psulas obtenidas presentan propiedades fisicoqu\u00edmicas \u00f3ptimas: actividad del agua menor a 0.55, humedad inferior al 10%, distribuci\u00f3n de tama\u00f1o modal y estabilidad t\u00e9rmica comprobada. La tecnolog\u00eda protege efectivamente la integridad celular, actividades metab\u00f3licas y estabilidad gen\u00e9tica de las bacterias, manteniendo su funcionalidad para aplicaciones industriales. Los an\u00e1lisis por microscop\u00eda SEM y TEM confirman la morfolog\u00eda definida y la presencia de bacterias dentro de las microc\u00e1psulas. Estudios de infrarrojo evidencian la preservaci\u00f3n de grupos funcionales del biopol\u00edmero y la exitosa&hellip;<\/p>\n<p> <a class=\"more-link\" href=\"https:\/\/www.zaragoza.unam.mx\/dvi\/patentes-ingresadas-impi\/\">Leer m\u00e1s<\/a><\/p>\n","protected":false},"author":1,"featured_media":0,"parent":0,"menu_order":0,"comment_status":"closed","ping_status":"closed","template":"","meta":{"footnotes":""},"class_list":["post-777","page","type-page","status-publish"],"_links":{"self":[{"href":"https:\/\/www.zaragoza.unam.mx\/dvi\/wp-json\/wp\/v2\/pages\/777","targetHints":{"allow":["GET"]}}],"collection":[{"href":"https:\/\/www.zaragoza.unam.mx\/dvi\/wp-json\/wp\/v2\/pages"}],"about":[{"href":"https:\/\/www.zaragoza.unam.mx\/dvi\/wp-json\/wp\/v2\/types\/page"}],"author":[{"embeddable":true,"href":"https:\/\/www.zaragoza.unam.mx\/dvi\/wp-json\/wp\/v2\/users\/1"}],"replies":[{"embeddable":true,"href":"https:\/\/www.zaragoza.unam.mx\/dvi\/wp-json\/wp\/v2\/comments?post=777"}],"version-history":[{"count":14,"href":"https:\/\/www.zaragoza.unam.mx\/dvi\/wp-json\/wp\/v2\/pages\/777\/revisions"}],"predecessor-version":[{"id":821,"href":"https:\/\/www.zaragoza.unam.mx\/dvi\/wp-json\/wp\/v2\/pages\/777\/revisions\/821"}],"wp:attachment":[{"href":"https:\/\/www.zaragoza.unam.mx\/dvi\/wp-json\/wp\/v2\/media?parent=777"}],"curies":[{"name":"wp","href":"https:\/\/api.w.org\/{rel}","templated":true}]}}