{"id":12,"date":"2022-02-03T20:54:48","date_gmt":"2022-02-03T20:54:48","guid":{"rendered":"https:\/\/www.zaragoza.unam.mx\/programa-tutoria\/?page_id=12"},"modified":"2025-02-05T20:10:28","modified_gmt":"2025-02-05T20:10:28","slug":"presentacion","status":"publish","type":"page","link":"https:\/\/www.zaragoza.unam.mx\/programa-tutoria\/","title":{"rendered":"PRESENTACI\u00d3N"},"content":{"rendered":"\t\t<div data-elementor-type=\"wp-page\" data-elementor-id=\"12\" class=\"elementor elementor-12\">\n\t\t\t\t\t\t<section class=\"elementor-section elementor-top-section elementor-element elementor-element-a77efee elementor-section-boxed elementor-section-height-default elementor-section-height-default\" data-id=\"a77efee\" data-element_type=\"section\">\n\t\t\t\t\t\t<div class=\"elementor-container elementor-column-gap-default\">\n\t\t\t\t\t<div class=\"elementor-column elementor-col-100 elementor-top-column elementor-element elementor-element-041376b\" data-id=\"041376b\" data-element_type=\"column\">\n\t\t\t<div class=\"elementor-widget-wrap elementor-element-populated\">\n\t\t\t\t\t\t<div class=\"elementor-element elementor-element-f396466 elementor-widget elementor-widget-image\" data-id=\"f396466\" data-element_type=\"widget\" data-widget_type=\"image.default\">\n\t\t\t\t<div class=\"elementor-widget-container\">\n\t\t\t\t\t\t\t\t\t\t\t\t\t\t\t<img fetchpriority=\"high\" decoding=\"async\" width=\"1700\" height=\"418\" src=\"https:\/\/www.zaragoza.unam.mx\/programa-tutoria\/wp-content\/uploads\/2025\/02\/header_presentacion_2025.png\" class=\"attachment-full size-full wp-image-12535\" alt=\"\" srcset=\"https:\/\/www.zaragoza.unam.mx\/programa-tutoria\/wp-content\/uploads\/2025\/02\/header_presentacion_2025.png 1700w, https:\/\/www.zaragoza.unam.mx\/programa-tutoria\/wp-content\/uploads\/2025\/02\/header_presentacion_2025-300x74.png 300w, https:\/\/www.zaragoza.unam.mx\/programa-tutoria\/wp-content\/uploads\/2025\/02\/header_presentacion_2025-1024x252.png 1024w, https:\/\/www.zaragoza.unam.mx\/programa-tutoria\/wp-content\/uploads\/2025\/02\/header_presentacion_2025-768x189.png 768w, https:\/\/www.zaragoza.unam.mx\/programa-tutoria\/wp-content\/uploads\/2025\/02\/header_presentacion_2025-1536x378.png 1536w\" sizes=\"(max-width: 1700px) 100vw, 1700px\" \/>\t\t\t\t\t\t\t\t\t\t\t\t\t\t\t<\/div>\n\t\t\t\t<\/div>\n\t\t\t\t\t<\/div>\n\t\t<\/div>\n\t\t\t\t\t<\/div>\n\t\t<\/section>\n\t\t\t\t<section class=\"elementor-section elementor-top-section elementor-element elementor-element-d9fe04d elementor-section-boxed elementor-section-height-default elementor-section-height-default\" data-id=\"d9fe04d\" data-element_type=\"section\">\n\t\t\t\t\t\t<div class=\"elementor-container elementor-column-gap-default\">\n\t\t\t\t\t<div class=\"elementor-column elementor-col-100 elementor-top-column elementor-element elementor-element-5fda8e9\" data-id=\"5fda8e9\" data-element_type=\"column\">\n\t\t\t<div class=\"elementor-widget-wrap elementor-element-populated\">\n\t\t\t\t\t\t<div class=\"elementor-element elementor-element-d755c79 elementor-widget elementor-widget-text-editor\" data-id=\"d755c79\" data-element_type=\"widget\" data-widget_type=\"text-editor.default\">\n\t\t\t\t<div class=\"elementor-widget-container\">\n\t\t\t\t\t\t\t\t\t<p>La tutor\u00eda es el acompa\u00f1amiento de una tutora o tutor, ya sea de manera personalizada o grupal, donde se busca mejorar el desempe\u00f1o acad\u00e9mico de los y las alumnas, por medio de la atenci\u00f3n de los y las tutoradas para la formaci\u00f3n integral, as\u00ed como, la realimentaci\u00f3n al proceso de ense\u00f1anza aprendizaje, el desarrollo de habilidades y h\u00e1bitos de estudio, apoyo y orientaci\u00f3n educativa.<\/p><p>As\u00ed, la tutor\u00eda es una acci\u00f3n complementaria a las tareas del docente y su importancia radica en orientar a los y las alumnas a partir del conocimiento de sus problemas y de sus necesidades acad\u00e9micas, as\u00ed como, de sus inquietudes y aspiraciones personales.<\/p><p>La tutora o tutor es quien se encarga de orientar al alumnado, posee conocimientos de su disciplina, de la organizaci\u00f3n y normas de la instituci\u00f3n, del plan de estudios de la carrera, de las dificultades acad\u00e9micas m\u00e1s comunes de la poblaci\u00f3n escolar, de las actividades y recursos disponibles en la instituci\u00f3n para apoyar la regularizaci\u00f3n acad\u00e9mica del alumnado y favorecer su desempe\u00f1o acad\u00e9mico.<\/p><p>Para favorecer estas acciones, se ha implementado el presente sitio, en el cual los y las tutoras pueden tener acceso a los principales documentos institucionales que rigen su acci\u00f3n tutorial, podr\u00e1n difundir los diversos servicios y materiales de apoyo para sus tutoradas y tutorados, tendr\u00e1n acceso a lecturas sobre tutor\u00eda y dar\u00e1n seguimiento al programa a trav\u00e9s del acceso al Sistema de Registro de Tutor\u00eda.<\/p>\t\t\t\t\t\t\t\t<\/div>\n\t\t\t\t<\/div>\n\t\t\t\t\t<\/div>\n\t\t<\/div>\n\t\t\t\t\t<\/div>\n\t\t<\/section>\n\t\t\t\t<section class=\"elementor-section elementor-top-section elementor-element elementor-element-313f5cb elementor-section-boxed elementor-section-height-default elementor-section-height-default\" data-id=\"313f5cb\" data-element_type=\"section\">\n\t\t\t\t\t\t<div class=\"elementor-container elementor-column-gap-default\">\n\t\t\t\t\t<div class=\"elementor-column elementor-col-100 elementor-top-column elementor-element elementor-element-c18b1f1\" data-id=\"c18b1f1\" data-element_type=\"column\">\n\t\t\t<div class=\"elementor-widget-wrap elementor-element-populated\">\n\t\t\t\t\t\t<div class=\"elementor-element elementor-element-2d0d4b8 elementor-widget elementor-widget-spacer\" data-id=\"2d0d4b8\" data-element_type=\"widget\" data-widget_type=\"spacer.default\">\n\t\t\t\t<div class=\"elementor-widget-container\">\n\t\t\t\t\t\t\t<div class=\"elementor-spacer\">\n\t\t\t<div class=\"elementor-spacer-inner\"><\/div>\n\t\t<\/div>\n\t\t\t\t\t\t<\/div>\n\t\t\t\t<\/div>\n\t\t\t\t\t<\/div>\n\t\t<\/div>\n\t\t\t\t\t<\/div>\n\t\t<\/section>\n\t\t\t\t<section class=\"elementor-section elementor-top-section elementor-element elementor-element-571c17f elementor-section-boxed elementor-section-height-default elementor-section-height-default\" data-id=\"571c17f\" data-element_type=\"section\">\n\t\t\t\t\t\t<div class=\"elementor-container elementor-column-gap-default\">\n\t\t\t\t\t<div class=\"elementor-column elementor-col-100 elementor-top-column elementor-element elementor-element-471b519\" data-id=\"471b519\" data-element_type=\"column\">\n\t\t\t<div class=\"elementor-widget-wrap elementor-element-populated\">\n\t\t\t\t\t\t<div class=\"elementor-element elementor-element-04aaa92 elementor-widget elementor-widget-image\" data-id=\"04aaa92\" data-element_type=\"widget\" data-widget_type=\"image.default\">\n\t\t\t\t<div class=\"elementor-widget-container\">\n\t\t\t\t\t\t\t\t\t\t\t\t\t\t\t<img decoding=\"async\" width=\"1536\" height=\"494\" src=\"https:\/\/www.zaragoza.unam.mx\/programa-tutoria\/wp-content\/uploads\/2022\/02\/presentacion-1-1536x494.png\" class=\"attachment-1536x1536 size-1536x1536 wp-image-245\" alt=\"\" srcset=\"https:\/\/www.zaragoza.unam.mx\/programa-tutoria\/wp-content\/uploads\/2022\/02\/presentacion-1-1536x494.png 1536w, https:\/\/www.zaragoza.unam.mx\/programa-tutoria\/wp-content\/uploads\/2022\/02\/presentacion-1-300x96.png 300w, https:\/\/www.zaragoza.unam.mx\/programa-tutoria\/wp-content\/uploads\/2022\/02\/presentacion-1-1024x329.png 1024w, https:\/\/www.zaragoza.unam.mx\/programa-tutoria\/wp-content\/uploads\/2022\/02\/presentacion-1-768x247.png 768w, https:\/\/www.zaragoza.unam.mx\/programa-tutoria\/wp-content\/uploads\/2022\/02\/presentacion-1.png 2000w\" sizes=\"(max-width: 1536px) 100vw, 1536px\" \/>\t\t\t\t\t\t\t\t\t\t\t\t\t\t\t<\/div>\n\t\t\t\t<\/div>\n\t\t\t\t\t<\/div>\n\t\t<\/div>\n\t\t\t\t\t<\/div>\n\t\t<\/section>\n\t\t\t\t<section class=\"elementor-section elementor-top-section elementor-element elementor-element-aac8d7e elementor-section-boxed elementor-section-height-default elementor-section-height-default\" data-id=\"aac8d7e\" data-element_type=\"section\">\n\t\t\t\t\t\t<div class=\"elementor-container elementor-column-gap-default\">\n\t\t\t\t\t<div class=\"elementor-column elementor-col-100 elementor-top-column elementor-element elementor-element-d89d033\" data-id=\"d89d033\" data-element_type=\"column\">\n\t\t\t<div class=\"elementor-widget-wrap elementor-element-populated\">\n\t\t\t\t\t\t<div class=\"elementor-element elementor-element-3dbd1b4 elementor-widget elementor-widget-spacer\" data-id=\"3dbd1b4\" data-element_type=\"widget\" data-widget_type=\"spacer.default\">\n\t\t\t\t<div class=\"elementor-widget-container\">\n\t\t\t\t\t\t\t<div class=\"elementor-spacer\">\n\t\t\t<div class=\"elementor-spacer-inner\"><\/div>\n\t\t<\/div>\n\t\t\t\t\t\t<\/div>\n\t\t\t\t<\/div>\n\t\t\t\t\t<\/div>\n\t\t<\/div>\n\t\t\t\t\t<\/div>\n\t\t<\/section>\n\t\t\t\t<\/div>\n\t\t","protected":false},"excerpt":{"rendered":"<p>La tutor\u00eda es el acompa\u00f1amiento de una tutora o tutor, ya sea de manera personalizada o grupal, donde se busca mejorar el desempe\u00f1o acad\u00e9mico de los y las alumnas, por&hellip;<\/p>\n<p> <a class=\"more-link\" href=\"https:\/\/www.zaragoza.unam.mx\/programa-tutoria\/\">Leer m\u00e1s<\/a><\/p>\n","protected":false},"author":1,"featured_media":0,"parent":0,"menu_order":0,"comment_status":"closed","ping_status":"closed","template":"elementor_header_footer","meta":{"footnotes":""},"class_list":["post-12","page","type-page","status-publish"],"_links":{"self":[{"href":"https:\/\/www.zaragoza.unam.mx\/programa-tutoria\/wp-json\/wp\/v2\/pages\/12","targetHints":{"allow":["GET"]}}],"collection":[{"href":"https:\/\/www.zaragoza.unam.mx\/programa-tutoria\/wp-json\/wp\/v2\/pages"}],"about":[{"href":"https:\/\/www.zaragoza.unam.mx\/programa-tutoria\/wp-json\/wp\/v2\/types\/page"}],"author":[{"embeddable":true,"href":"https:\/\/www.zaragoza.unam.mx\/programa-tutoria\/wp-json\/wp\/v2\/users\/1"}],"replies":[{"embeddable":true,"href":"https:\/\/www.zaragoza.unam.mx\/programa-tutoria\/wp-json\/wp\/v2\/comments?post=12"}],"version-history":[{"count":34,"href":"https:\/\/www.zaragoza.unam.mx\/programa-tutoria\/wp-json\/wp\/v2\/pages\/12\/revisions"}],"predecessor-version":[{"id":12539,"href":"https:\/\/www.zaragoza.unam.mx\/programa-tutoria\/wp-json\/wp\/v2\/pages\/12\/revisions\/12539"}],"wp:attachment":[{"href":"https:\/\/www.zaragoza.unam.mx\/programa-tutoria\/wp-json\/wp\/v2\/media?parent=12"}],"curies":[{"name":"wp","href":"https:\/\/api.w.org\/{rel}","templated":true}]}}